Let j = p + -14. Let q(y) = 4*y - 2*y**j + 5 - 3 - y**3 + 1. Determine q(-2).
-5
Let q(r) = 17*r**3 + 6*r**2 - 7*r - 12. Let a(n) = 48*n**3 + 18*n**2 - 20*n - 35. Let w(x) = -6*a(x) + 17*q(x). Calculate w(6).
12
Let f(o) = 5*o**2 - 3*o - 7. Let s(p) = -12*p**2 + 7*p + 15. Let c(t) = -5*f(t) - 2*s(t). Calculate c(-5).
-25
Let w be -2*(-8)/(-12)*3/(-1). Let d(r) = -1 - r**2 + 3 + 3*r**2 - 5*r + 3*r**2 - r**3. Determine d(w).
-2
Let v = -24 + 21. Let o = -10 - v. Let t(n) = -n + 4. Let i(c) = 1. Let s(p) = -4*i(p) + t(p). Give s(o).
7
Let i(s) = 22*s**3 + 17*s**2 - 27*s - 7. Let z(h) = 13*h**3 + 9*h**2 - 13*h - 3. Let n(u) = 3*i(u) - 5*z(u). What is n(-8)?
-6
Suppose 0 = -f + 1, 0 = v - 4*f - 1 + 2. Let i(c) = -c**v - 2 - 3*c + 5*c**2 - 2*c + 5. Let h = -161 + 165. What is i(h)?
-1
Suppose -j - n + 9 = 0, 3 = -4*j + n + 39. Let z = 11 - j. Let v(g) = g**3 + 4*g**2 - 7 + 2 - 4*g**2 + 5*g**z + g. Give v(-4).
7
Let h(k) be the second derivative of k**3/6 - 3*k**2/2 - 3*k. Let z be 0 + (-2 - 2) + 22 + -18. Let b be h(z). Let r(i) = -i**2 - i + 3. Give r(b).
-3
Let b(y) = y**2 + 9*y + 9. Let f(t) = t**2 + 5*t - 7. Let u be f(-6). Let o be 4 - (u + (-3 - -5)). Suppose -5*w + o - 33 = 0. Determine b(w).
-9
Suppose b - 36 = -24. Let w(s) = b*s**2 - 13*s - 77 - 2*s**3 + 4*s**3 - s**3 + 83. Determine w(-13).
6
Let o(x) = 2 - 2*x**3 + 7*x + 3*x**3 - x**2 - 5*x**2. Let j = -2985 + 2990. Determine o(j).
12
Let x(k) = -2*k - 33. Let s be x(-14). Let j(v) = 2*v**2 + 5*v - 5 - v**2 - 2*v. Give j(s).
5
Suppose 3*i + 4*m = 16, 5*m - 7 = 4*i - 18. Let k(v) be the first derivative of -v - 4 - v**2 + i - 5. Give k(5).
-11
Let u(y) = -2*y**3 + y - 2. Let x(d) = -d**2 + 47*d + 442. Let h be x(55). Calculate u(h).
-16
Suppose -2*d + 3*k = -15, 0*k - 5 = 5*d + k. Let v(q) be the second derivative of 0 - 3*q - 1/6*q**3 + 3*q**2. Determine v(d).
6
Let q(x) = -7*x**2 - 10*x + 10. Let h(d) = -45*d**2 - 60*d + 59. Let y(a) = -4*h(a) + 26*q(a). Determine y(-11).
2
Let a(v) = -2*v + 5. Let m = -129 - -191. Let u = m - 57. Calculate a(u).
-5
Let x(c) be the second derivative of 11*c - 3*c**2 + 1/6*c**3 + 0. Give x(-6).
-12
Let o(f) be the second derivative of f**3/6 - 7*f**2/2 - f. Let l(a) = 3*a**2 + 17*a. Let z = 98 + -104. Let d be l(z). Calculate o(d).
-1
Suppose 30 + 10 = -10*c. Let h(q) = -5 - q + 8*q - 6*q. What is h(c)?
-9
Let y(a) = -11*a**2 + 11*a - 19. Suppose -3*i - 31 = 8. Let m(z) = -26*z**2 + 5*z + 53*z**2 - 9 - 32*z**2. Let g(o) = i*m(o) + 6*y(o). Determine g(3).
-3
Let o(s) be the second derivative of s**6/720 + 7*s**5/120 + 13*s**4/12 - 9*s. Let p(r) be the third derivative of o(r). Let f = -8 + 2. What is p(f)?
1
Let u(h) = -h. Let j be u(3). Let q(c) = 8*c**2 + 2*c + 6. Let a(l) = -l**2 - 1. Let p be (-539)/(-88) + (-1)/8. Let f(s) = p*a(s) + q(s). Determine f(j).
12
Let n(c) be the first derivative of 4*c - 7 + 3*c**2 + 1/3*c**3. What is n(-6)?
4
Let q(n) = -3*n - 6*n + 5 + 14*n + n**2. Let d(u) = -5*u**2 - 26*u - 26. Let r(h) = 2*d(h) + 11*q(h). Determine r(-4).
7
Let k(z) = -269*z**2 + 96*z**2 - 5*z**3 + 89*z**2 + 86*z**2 - 2*z + 1. What is k(1)?
-4
Let b(t) = -4*t**3 - 3*t**2 + 1. Let m(c) = 7*c**3 + 6*c**2 - 1. Let i(y) = 5*b(y) + 3*m(y). Determine i(-4).
-14
Let d = -29 + 33. Let n be ((-5)/10)/(2/20). Let j(s) = 7*s + 3. Let u(r) = -4*r - 2. Let p(y) = n*u(y) - 3*j(y). Determine p(d).
-3
Let t(m) = 8*m - 2. Let q(v) = -19*v + 4. Let p(a) = 2*q(a) + 5*t(a). Determine p(6).
10
Let n(d) = -d**3 + 4*d**2 + 8*d - 5. Let s be n(5). Suppose -s = w + w. Let o(a) = -a**2 - 4*a - 6. What is o(w)?
-11
Let y(w) = -10*w + 1. Let p be (-1)/((12/33)/4). Let h = p + 13. Suppose a - 3*a = h. What is y(a)?
11
Let p = 1 + -1. Let i = p - 0. Let s(f) = 9 + 1 - 94*f + 95*f. What is s(i)?
10
Let b(p) = 13*p**3 - 29*p**2 - 9*p - 37. Let g(n) = -3*n**3 + 7*n**2 + 2*n + 9. Let x(z) = 2*b(z) + 9*g(z). Determine x(5).
7
Let h(m) = m + 2. Let t(c) be the first derivative of 3*c**4/2 + 2*c**3/3 - c + 33. Let o be t(-1). What is h(o)?
-3
Let b(q) be the second derivative of q**2 - 1/6*q**4 + 0 - 11*q - 1/2*q**3. Give b(-4).
-18
Let r(d) be the second derivative of -1/2*d**4 + 1/20*d**5 + 2*d**2 + 0 - 16*d + 1/2*d**3. Determine r(5).
-6
Let k(d) = d**3 + 2*d**2 + 2*d + 1. Let u be 1*9/(6*(-1)/4). Let s(r) = -r**3 - 3*r**2 - 2*r - 1. Let g(n) = u*s(n) - 7*k(n). What is g(2)?
3
Suppose -3*g = 2*g - 3*j - 7, -4 = -4*g + 2*j. Let c = 48 - 42. Let z(v) = c - 3*v**3 - 6*v**3 + 0*v**3 - 5. Calculate z(g).
10
Suppose 2*j - 4 = -4*i, -5*j - 5*i + 1 = -2*j. Let m(n) = -n**2 - 8*n + 4. Calculate m(j).
4
Let z(x) = 6 - 2*x + 5*x - 2*x. Suppose 38 - 75 - 153 = 19*y. Determine z(y).
-4
Let m(u) = -u**2 + 4*u - 1. Let c be m(2). Let x be c*(-2)/(-2) + 3. Let p(t) = t**2 - 5*t + 3. Give p(x).
9
Let t(a) = -17*a - 7. Let q(p) = -33*p - 12. Let f(w) = -3*q(w) + 5*t(w). Suppose 0 = -4*j - k - 3 + 1, -3*j - 5*k = -7. Calculate f(j).
-13
Let v = 10 - 7. Suppose g + 3 + 0 = 0, v*q = -3*g. Let d(h) = -h**3 + 5*h**2 - 5*h + 4. What is d(q)?
7
Let o(v) = -v**2 - 5*v + 6. Let x = -18 - -22. Suppose i + 2*i = x*u, -5*i = 3*u. Suppose -n - 3*t - 6 = i, -3*n = 2*n + 5*t + 30. Calculate o(n).
0
Let n(p) = -p**3 - 8*p**2 + 12*p + 3. Let u(y) = -2*y**3 - 15*y**2 + 23*y + 5. Let g(o) = -7*n(o) + 4*u(o). Give g(-6).
23
Let p(h) = 4*h**2 - 41*h + 35. Let k(l) = -l**2 + 11*l - 9. Let q(y) = 19*k(y) + 5*p(y). Suppose -5*m = -0*m - 25. Suppose 7 = -4*a - m. Determine q(a).
1
Let m be (5 + -45)/8 - -26. Let l(x) = x**3 - 4*x**2 + 5*x - 5. Let o be l(4). Suppose m*v = 18*v + o. Let k(a) = 3*a - 3. Give k(v).
12
Suppose 5 = 3*r - 1. Let s(k) = 11 - 4*k + r*k + k. Suppose 0 = -4*a + 3*n + 30, -3*n - 12 = 3*a - 4*a. Determine s(a).
5
Suppose o = 4*r - 7, o - 3*r = 6*o - 34. Let p(n) = -n**3 + 4*n**2 + n - 3. Give p(o).
-23
Let f = -565 - -568. Let i(y) = 4*y**3 - 4*y**2 - y - 4. Let x(b) = -b**3 + b**2 - b + 1. Let a(w) = -i(w) - 3*x(w). Determine a(f).
-5
Let w(t) = t**3 + 7*t**2 - 7*t + 6. Let k be 44/(-3)*(-17 + 14) - 1. Let y = k + -51. Determine w(y).
-2
Let y = -3 - -5. Suppose y*m - 4 = -2. Let o(a) be the first derivative of -3*a**4/4 + a**3/3 - a - 10. Calculate o(m).
-3
Let a(p) = p**3 - 11*p**2 + 3*p + 12. Let s be a(11). Let q = -20 + s. Let f = -24 + q. Let v(x) = 3*x - 1. Give v(f).
2
Let n(g) = -g**3 + 6*g**2 - 4*g + 3. Let s = 26 + -26. Let i(z) = -z**3 + 2. Let m be i(s). Calculate n(m).
11
Let l be ((-10)/6)/((-1255)/(-4518)). Let c(t) = -t**2 - 3*t - 3*t + 0 - 5. Give c(l).
-5
Let t be (1 - 2/2)/1. Let p be (-18)/3 + t/(-1). Let x(h) = -6*h**2 + 20*h - 62. Let y(n) = n**2 - 4*n + 12. Let g(k) = 2*x(k) + 11*y(k). What is g(p)?
-4
Let l(g) = -g**3 + 4*g**2 + 2*g. Let j = 15 - 11. Let q(t) be the second derivative of t**4/12 - 5*t**3/6 + 4*t**2 + 35*t - 1. Let u be q(j). Give l(u).
8
Let w(j) be the second derivative of -j**5/20 + j**3/6 - 2*j**2 + j. Suppose -6 = -d - 1. Suppose 0 = u - 2*x - 2, -3*u = -d*u - 5*x - 5. Give w(u).
-4
Let i(j) be the second derivative of -j**5/20 - 5*j**4/12 - j**3/2 + 3*j**2/2 + 2*j - 9. Give i(-4).
-1
Let p = 673 + -681. Let b(k) = -2*k**2 - 15*k + 6. What is b(p)?
-2
Let t(v) be the first derivative of -v**3/3 - 5*v**2 + 14*v - 72. Let g = -36 - -25. Give t(g).
3
Let f(d) = -9*d + 12. Let q(w) = 5*w - 6. Let x(s) = -4*f(s) - 7*q(s). Let i be x(5). Let y(r) = -1 + r**2 + 0 - 7*r**2. Give y(i).
-7
Let i be (-30)/20*(0 + -2). Suppose 5 = 5*k, 3*y + y - 5*k = i. Let m(f) = 5*f - f + 6 - y*f - 1. Determine m(-6).
-7
Let u(v) = 8*v - 4 - 4*v**2 - v - v**3 - 3*v. Suppose -114*s + 18 = -108*s. Suppose 0 = s*i, 1 - 16 = 3*l + 5*i. What is u(l)?
1
Let r(o) = 14*o**2 + 12*o - 25*o - 6 + 32. Let a(f) = -5*f**2 + 4*f - 9. Let c(d) = 11*a(d) + 4*r(d). Determine c(6).
-7
Let c(y) = -y**3 - 14*y**2 + 17*y + 32. Let d be c(-15). Let p(x) = 4 - 1 + x**d - 1 - x**3 + 7*x**2 - 8*x. Determine p(7).
-5
Let s(g) be the second derivative of 9*g + g**2 - 4/3*g**3 + 0. Determine s(2).
-14
Let t = -655 - -657. Let q(i) = -i**3 - 3*i**2 + 3*i - 3. Give q(t).
-17
Let j(r) be the second derivative of 0 + 7/6*r**3 - 6*r - 1/2*r**2. Give j(1).
6
Let a(s) = 5*s**3 - 36*s**2 - 37*s + 15. Let w(r) = r**3 - 9*r**2 - 9*r + 4. Let g be (-2)/11*1 - 873/99. Let i(q) = g*w(q) + 2*a(q). Give i(-8).
2
Let x(u) =